 + f. What are the prime factors of k?
2, 11
Suppose 10641 + 15359 = 65*i + 8450. List the prime factors of i.
2, 3, 5
Suppose -30098 = 52*m - 56*m + 2*y, m = -5*y + 7552. What are the prime factors of m?
3, 13, 193
Suppose 3*t - 8158 = -5*r + 5953, 18780 = 4*t - 2*r. List the prime factors of t.
7, 11, 61
Suppose -9*c + 0*c = -4671. List the prime factors of -5 + ((-14)/21)/((-1)/c).
11, 31
Let d(h) = 6*h - 4. Let k be d(12). Suppose -w = -k + 63. Suppose 0 = 15*a - w*a - 1280. What are the prime factors of a?
2
Let c(y) = -10*y**2 + 48*y + 44. Let k(r) = 4*r**2 - 19*r - 17. Let m(g) = -5*c(g) - 12*k(g). What are the prime factors of m(10)?
2
List the prime factors of (914949/(-515))/(2/(-10)).
3, 7, 47
Suppose n + 32 = -5*q, -3*q + 2*n - 15 = 4*n. Let x(j) = -75*j - 24. Let k be x(q). Let s = k + -216. List the prime factors of s.
3, 5, 19
Suppose 0 = -9*a + 13*a + 232. Let w = 58 + a. List the prime factors of w - (1 + -2 + -3).
2
Let h = -56 + 68. Suppose h*k - 452 = 8*k. What are the prime factors of k?
113
Suppose 7*k - 44*z + 39*z - 74634 = 0, 4*k - z - 42648 = 0. List the prime factors of k.
2, 3, 1777
Suppose 5*f = -d + 7070, -42*d + 4*f = -41*d - 7070. List the prime factors of d.
2, 5, 7, 101
Suppose t = 8*t + 28*t - 1315020. List the prime factors of t.
2, 3, 31, 101
Suppose 18 - 24 = -3*n. Suppose -2*a + 1545 + 252 = v, -a = -n*v - 906. List the prime factors of a.
2, 3, 5
Suppose 31 = -r + 33. Suppose -2*t = -4*c + r, c = 2*t + 6*c - 25. Suppose 5*h - 2*h - 4*d - 123 = 0, -3*h = t*d - 96. List the prime factors of h.
37
Suppose 0 = -2*h + c + 4410, 2*c + 6611 = 21*h - 18*h. List the prime factors of h.
47
Let t = 70 + -49. Let r = 20 - t. List the prime factors of (r + -2)*17/(-3).
17
Suppose -a + 2295 - 793 = 0. Suppose 984 + a = 22*z. What are the prime factors of z?
113
Let z be -4 - -1*(-165)/(-5). Let q = z - 29. Suppose -2*s = -q*d - 2*d - 158, -2*d = 3*s - 237. List the prime factors of s.
79
Let b be -1*(-4)/(12/87). Let c(p) = 0*p + 2*p - 3 - b*p. What are the prime factors of c(-2)?
3, 17
Suppose 5*m + 4*o + 81315 - 271448 = 0, 5*o = m - 38015. What are the prime factors of m?
3, 5, 13
Let u = 43365 - -15395. List the prime factors of u.
2, 5, 13, 113
Suppose 4*s - 5*n = -s - 10, 0 = -2*s + n - 6. Let j be (-1 + 2)/s*(2 - 14). Suppose -4*m + 71 = g, g + 4*g = j*m - 82. What are the prime factors of m?
19
Let o(c) = -2 - 54*c - 36 + 5 - 7. What are the prime factors of o(-8)?
2, 7
Suppose 58*o - 2*o - 483553 - 719551 = 0. List the prime factors of o.
2, 41, 131
Let q be -2*(-2)/(-10) + 161424/285. Suppose 0 = -18*f + 4402 + q. What are the prime factors of f?
2, 3, 23
Let s be -84*(4 + -18) + (-3)/3. Let v = s + -207. List the prime factors of v.
2, 11
Let k = -43 - -41. Let a be k/((-12)/(-666)) - (-1 - -1). Let g = a + 177. What are the prime factors of g?
2, 3, 11
Suppose 6 = -k + 10. Suppose k*y + 4*g = 6 + 2, 4*g = -y - 7. Suppose 0 = 5*p + y*t - 305, -3*t - 269 = -5*p + 60. List the prime factors of p.
2
Suppose w - 115 = 3*u, -4*w - u + 442 + 57 = 0. Let a = 132 - w. What are the prime factors of a?
2
Suppose 0 = -4*q + 2*z - 14, -4*z + 11 = -q - 10. Let w(u) = -218*u**3 + u**2 + 5*u + 4. What are the prime factors of w(q)?
2, 109
Suppose 39*k = 106365 + 75843. What are the prime factors of k?
2, 73
Let r(q) = 25*q + 200. Let g be r(-8). Suppose 4*c - 871 + 27 = g. What are the prime factors of c?
211
Suppose -5*t + 308165 = 5*l, 0 = -7*t + 9*t + 3*l - 123273. What are the prime factors of t?
2, 3, 10271
Let m(p) = 148*p**3 + 243*p - 1233. List the prime factors of m(5).
2, 9241
Let a be (-23)/(-5) + 3/(-5). Let p be (-5 + a)*(-2)/2. What are the prime factors of 80 + (p - 2/1)?
79
Suppose -17*c + 20*c = 180. Suppose -50*x + c*x - 3080 = 0. What are the prime factors of x?
2, 7, 11
Suppose 5*u - 2*u + 5*s = 1828, 10 = 2*s. What are the prime factors of u?
601
Let t(k) = 199*k + 130. Let i be t(-16). Let g = -1847 - i. What are the prime factors of g?
17, 71
Let b(w) = 19*w**2 - 2*w - 1292. What are the prime factors of b(47)?
5, 8117
Let v = -655 - -1152. What are the prime factors of v?
7, 71
Let n = 49 + 3. Let q(x) = -x**2 + 78*x + 141. List the prime factors of q(n).
1493
Suppose -19*f + 18*f = w - 3325, 6 = -2*f. List the prime factors of w.
2, 13
Suppose -5*g + 105 - 90 = 0. Suppose g*j + 6 = 0, -4*q + 504 = -2*q + 3*j. List the prime factors of q.
3, 5, 17
Suppose -5*l + 15 = -5*z, -3*l + 3*z - 5*z + 14 = 0. Suppose -b + 2471 = l*q, -3*b + 5 = 20. What are the prime factors of q?
619
Let z = 24620 - 10077. What are the prime factors of z?
14543
Suppose 0 = -85*v + 119*v - 1251506. What are the prime factors of v?
36809
Let z(q) = -q**3 - 24*q**2 - q - 19. Let i be z(-24). Suppose 0 = -2*y - i*c + 465 + 492, 3*c = -3*y + 1413. List the prime factors of y.
2, 233
Suppose 0 = 5*g + 4*c + 43, -18*c = 5*g - 15*c + 41. Let i = g - -244. What are the prime factors of i?
3, 79
Suppose 16816*j - 16820*j = -18548. List the prime factors of j.
4637
Suppose 0 = -11*y + 201608 + 106546. What are the prime factors of y?
2, 3, 7, 23, 29
Suppose -q = 14 - 19, 0 = -4*p + 3*q + 9. Let k(b) = 15*b**2 - 34*b. What are the prime factors of k(p)?
2, 3, 7
Suppose -4*o + 20997 = -5*n, 0 = -21*o + 19*o + 5*n + 10501. What are the prime factors of o?
2, 41
Let g(r) = -669*r - 3010. What are the prime factors of g(-13)?
11, 47
Let p(t) = 21*t**2 + 4*t + 5. Suppose 8 = -3*k + 29. Suppose -k*o - 3 = -6*o. List the prime factors of p(o).
2, 7, 13
Suppose 5*s = 13 + 7. Suppose -4*h = -s*f + 407 + 1017, -h - 340 = -5*f. Let q = -243 - h. List the prime factors of q.
3, 13
Suppose -140*k - 132653 = -378394 - 1426559. What are the prime factors of k?
5, 2389
List the prime factors of (-24305)/(-2) - 111/222.
2, 7, 31
Let n(x) = 2*x - 57. Let k(b) = 3*b - 86. Let p(f) = -5*k(f) + 7*n(f). What are the prime factors of p(5)?
2, 13
Suppose -5005 = -52*v + 47*v. Let s = v - 687. List the prime factors of s.
2, 157
Let x be ((-51)/(-9) - 2) + (-10)/15. Suppose -x*a + 64 = -212. List the prime factors of a.
2, 23
Suppose 0 = -7*b + 2 + 26. Suppose 4*x - 2*m - 272 + 70 = 0, -124 = -3*x - b*m. What are the prime factors of x?
2, 3
Let h(y) = 350*y + 26. Let u be h(4). Let q = -985 + u. List the prime factors of q.
3, 7
Let t = -18 - -23. Let l be 19/(-38) - (-14)/(-4). What are the prime factors of t*l/(-10)*81?
2, 3
Suppose -g + 2*i - 171 = -1421, -5*g - 3*i = -6302. List the prime factors of g.
2, 17, 37
Let p(s) = s**3 + 3*s**2 - 14*s + 27. Let r be p(-6). Suppose -y + 360 = 68. Suppose l = 2*n - 155 + 9, 4*n = -r*l + y. What are the prime factors of n?
73
Suppose -30 = 220*v - 223*v. List the prime factors of v/2*1211/35.
173
Let j = 3139 - 1005. List the prime factors of j.
2, 11, 97
Suppose -3*f + 2*z + 51545 = 0, -2*f + 10*z + 34350 = 7*z. What are the prime factors of f?
3, 17, 337
Let r(o) = -544*o**3 - 4*o**2 - 6*o + 2. List the prime factors of r(-3).
2, 7, 131
Let c(l) = 833*l - 8. Let r be c(8). Suppose -23*g + r = 1136. What are the prime factors of g?
2, 3, 5
Let w(t) = 2*t**2 + 2*t + 2. Suppose v - 32 = -33. Let i be w(v). Suppose 2*k - 240 = -i*k. What are the prime factors of k?
2, 3, 5
Suppose -7*u - 126 = -21*u. List the prime factors of 3/(-27) + 2152/u.
239
Let s = -7332 - -18145. List the prime factors of s.
11, 983
Let p = -303 - -305. Suppose 3*j - 3512 = -p*c, -3*c = 4*j - 2283 - 2401. What are the prime factors of j?
2, 73
Let v(m) = 27*m**3 + 49*m**2 + 29. List the prime factors of v(5).
3, 1543
Let n(z) be the first derivative of -z**3/3 + 7*z**2/2 + 11*z - 76. Suppose 20 + 12 = 4*b. What are the prime factors of n(b)?
3
Let y(o) = 175*o**2 - 5*o - 1. Let r(p) = -p**2 + 12*p - 36. Let m be r(8). Let t(x) = -x. Let j(g) = m*t(g) + y(g). What are the prime factors of j(-1)?
5, 7
Suppose 0 = 5*s - 3*s + 3*h - 2755, 3*s + 4*h - 4134 = 0. List the prime factors of s.
2, 691
Suppose 0 = -3*b - 4*v + 3, -6*v + 3*v = 4*b - 4. Let a(p) = 131*p**2 + 2*p - 1. Let z be a(b). Suppose -z - 42 = -2*f. List the prime factors of f.
3, 29
Let w(m) be the first derivative of -5*m**2 + 481*m + 188. What are the prime factors of w(20)?
281
Let t be 52/(-65)*(-7)/((-56)/(-60)). Let l(m) = 6*m**2 - 6*m + 78. What are the prime factors of 